+ 1366 = -m, 417 = v + a. Is v a prime number?
False
Let y(i) = i + 14. Let s be y(-8). Suppose -3*w + w = -s. Suppose w*r + 1 = 10. Is r a composite number?
False
Suppose c + 6366 + 7710 = 2*k, 3*c = 2*k - 14072. Is k a composite number?
False
Let b(l) = -l**2 + 18*l - 13. Let f be b(17). Is -5 + (4 - f) + 136 a prime number?
True
Let z be (3 + -3)/(4 + -7). Suppose -5*r = c + 481, 4*c + z*r = 5*r - 1999. Let m = c - -827. Is m a prime number?
True
Let n be (3222/15*-1)/((-1)/5). Is (n/4)/((-24)/(-32)) composite?
True
Let f = 4998 - 2118. Let q = f - -547. Is q composite?
True
Let r = 9272 - 2019. Is r composite?
False
Suppose -9*o = -5*o - 236. Suppose -g = 3*q - 3*g - o, -21 = -q + g. Suppose 0 = -5*y + 2*t + 99, y + 0*t + t = q. Is y a composite number?
False
Is (8232 - 14)/(1 + 1) a prime number?
False
Let x be (1 - 2)*(-14 + -1). Let o = -17 + x. Is o/10 - (-25440)/75 prime?
False
Suppose 0 = 5*f - 10, -8*u + 4*u - 3*f + 3650 = 0. Suppose -5*l + 3919 = 4*t, u + 3036 = 5*l - 3*t. Is l a composite number?
False
Let s = -56 + 59. Suppose -j = 5*p - 802, -s*j + 4*p + 1590 = -j. Is j composite?
False
Let o be 485/(-2)*12/(-5). Let t = -291 + o. Is t prime?
False
Let h(s) = 6*s**3 - s**2 - 21*s - 49. Is h(15) a prime number?
True
Let s(x) = -x**3 - x + 1. Let p(u) = -3*u**3 - 4*u**2 + 6*u - 6. Let y(v) = -p(v) - 5*s(v). Is y(4) a composite number?
True
Suppose -10982 = -4*u - 26*z + 28*z, 4*z = 4*u - 10992. Is u prime?
False
Let g be 2 - 3 - (-2 - 4). Suppose s - 67 = -w + 4*s, g*s + 197 = 3*w. Suppose -4*b + 564 = -w. Is b a composite number?
False
Is 89898/9*(-6)/(-4) a composite number?
False
Suppose -4823 = 12*u - 14315. Is u a composite number?
True
Let d(p) be the second derivative of p**6/72 - p**5/30 - p**4/6 + p**3/2 - p. Let a(s) be the second derivative of d(s). Is a(-3) prime?
True
Let u(p) = -p**2 - 3*p + 1. Let j be u(-3). Suppose 2 + j = -y, 2*y = 2*z - 122. Suppose a = -0*a + z. Is a prime?
False
Suppose -2*r + 21 = -5*r. Let h(l) = -l**3 - 5*l**2 + 10*l + 3. Let z be h(r). Let f = z + -12. Is f prime?
True
Let i be 6/(-36) - 3/(-18). Suppose u - 1183 + 224 = i. Is u composite?
True
Is (-13430)/(-4) + (-12)/(-8) a prime number?
True
Suppose 0 = 5*i - 12818 + 2343. Is i a prime number?
False
Let h(z) = 97*z**3 - 16*z**2 + 31*z + 6. Is h(4) a composite number?
True
Let v = -22132 + 52373. Is v composite?
False
Suppose 4*b + b - 35 = 0. Let d(m) = m**3 - 6*m**2 - 6*m - 5. Let x be d(b). Is 28/6*3/x a composite number?
False
Let c(n) = 6*n**2 - 4*n + 7. Let w be c(9). Suppose 154 = j - v, 4*j - j - 2*v = w. Is j composite?
False
Suppose 4*d - 49728 = 2*g, -8204 = -d + 2*g + 4222. Is d composite?
True
Let n = 44543 - 20830. Is n a prime number?
False
Suppose -5*k = -5*w - 230, k - 2*w - 44 = -3*w. Let v = 326 + k. Is v prime?
False
Let g(t) = t**2 + 13*t + 24. Let p be g(-15). Is 1227/(-2)*(-36)/p prime?
True
Let c(y) = -510*y**3 + 7*y**2 - 3*y - 2. Let t be c(-2). Let q = t - 2905. Is q a composite number?
True
Let p(l) = -l**2 + 32*l + 8553. Is p(0) a prime number?
False
Suppose -2205 = -4*r + 1447. Is r a prime number?
False
Let x = -39 - -42. Suppose x*j + 2*q = 2*j + 283, 0 = j - 5*q - 318. Is j composite?
False
Let l = 1612 - 843. Suppose -6*r + 5*y = -3*r - 2307, -r = -y - l. Is r a composite number?
False
Let f(k) be the first derivative of 53*k**2 - k + 1. Is f(3) composite?
False
Let s(m) = m**2 + 4*m + 4. Let l be s(-4). Suppose -26 = -3*u - 5*j, -12 = l*u + 3*j - 8*j. Suppose -u*z = -5*n + n - 258, -n + 126 = z. Is z a prime number?
True
Suppose 27*a - 25640 = 19*a. Is a prime?
False
Let c(x) = x**3 + 4*x**2 + 3*x. Let f be c(-2). Is f - (1 + 2*(-1514)/4) prime?
False
Let i(g) = g**2 - 10*g - 15. Let w be i(11). Is -2 + 1038/18 - w/(-6) prime?
False
Let h = 8 - 4. Suppose -d - 45 = -h*d. Suppose -2*v + 15 = -d. Is v a prime number?
False
Suppose -2*i - 5760 = -50366. Is i composite?
False
Let c = 4 + -2. Let r = c - -1. Suppose -4*s = 5*f - 366, r*s + 0*f = 4*f + 259. Is s a composite number?
False
Let o(u) = -u**2 + 5*u + 5. Let s be o(-4). Let c = s + 33. Suppose -549 - 383 = -4*q - f, c*f = -2*q + 466. Is q a prime number?
True
Let v(a) = 2*a**3 + 4*a**2 - 4*a + 3. Let x(m) = m**2 - m + 9. Let p be x(0). Suppose 2*u = i + p, 0*i - 12 = -2*u + 4*i. Is v(u) a composite number?
False
Let i = -44694 + 77185. Is i a prime number?
True
Let i = 1964 - 393. Is i a prime number?
True
Suppose -2*f + 0 + 4 = 0. Let m be (64/(-6))/(f/(-6)). Is m + (-1 - -3) + -1 a composite number?
True
Suppose 2*r - 1167 = -r. Let u(w) = w**2 - 7*w + 14. Let i be u(5). Suppose i*p - 1585 = -r. Is p a composite number?
True
Suppose 0 = 3*y - z - 79717, 227*z - 223*z = 3*y - 79711. Is y composite?
False
Let m(u) = u**3 + u**2 - 22*u - 121. Is m(18) prime?
True
Suppose 0 = 3*o + 2*o - 185. Suppose 47 + o = s. Suppose 2*w - 5*y = 153, -w = -2*w - 5*y + s. Is w prime?
True
Let v(u) = u**3 - 13*u**2 + 15*u - 28. Let o be v(12). Suppose -3176 = -16*z + o*z. Is z a composite number?
False
Let m(o) = o**3 + 2*o**2 + 21*o - 119. Is m(17) prime?
False
Let n be (-16 - -10)*(-2)/3. Let w = n - 1. Is w a prime number?
True
Suppose 0 = 4*r - 3*r - 3. Suppose -r*a = 2*x - 450 + 125, 0 = -x + 4*a + 179. Let f = -90 + x. Is f a composite number?
True
Suppose -3*o = 5*h + 32 + 9, h = -2*o - 39. Let d = 27 + o. Suppose -d*z + 27 = -1508. Is z a composite number?
False
Let j(b) = 5 + 7 + 297*b - 4. Let w be j(3). Let l = w + -636. Is l a composite number?
False
Let b = -11678 - -23271. Is b prime?
True
Let a = 858 - 275. Let g = a - 164. Is g composite?
False
Suppose -2*l = -3*l - 3. Let t be 3 + 48/(l/(-1)). Let k = 70 - t. Is k a prime number?
False
Let n(h) = 2*h**3. Let f be n(1). Is f/(-8) + (-6600)/(-32) prime?
False
Suppose -2*a + 4*a + 3*v = 14, 2*v = 2*a - 4. Suppose -a*g - 5*b = -2159, -2*g + 5*b + 1168 - 81 = 0. Is g prime?
True
Suppose 2*b - 3*l + 129712 = 7*b, 103773 = 4*b - l. Is b composite?
False
Suppose -6 = -2*m - m - 3*g, -5*g - 5 = 2*m. Suppose 8 = m*l - 7. Suppose -5*w + 3*a = -464, -w + 2*a + 370 = l*w. Is w composite?
True
Let g(l) = 143*l**2 - 35*l - 63. Is g(-10) a composite number?
True
Suppose -3*m = 41 - 56. Suppose -l + 750 = -2*s - 244, m*l + 2*s - 4994 = 0. Is l prime?
False
Let u(i) = 23*i**3 - 4*i**2 - 43*i + 89. Is u(12) a composite number?
True
Suppose 4*g + 12 = -y, -3*g + y = g + 20. Let p = g + 7. Let c(s) = 34*s**2 - 8*s + 7. Is c(p) composite?
True
Suppose -25*t + 350581 - 73106 = 0. Is t a composite number?
True
Let q(x) = 26*x**2 + 2*x + 4. Let b be q(5). Suppose 2*z + 502 = 5*u - b, -u + 5*z = -224. Let t = u + -57. Is t composite?
True
Let k be ((-9)/(-5) + -3)*-5. Let w(m) = -m + 5. Let s be w(k). Is (s + 0)/(1/(-199)) a prime number?
True
Let y be 2 + (3 - 11798/2). Let a = -3733 - y. Is a composite?
False
Let p = 8767 - -5644. Is p prime?
True
Let w = 184257 - 53560. Is w prime?
False
Let s(m) = -5131*m**3 - 3*m**2 + 46*m + 47. Is s(-1) a prime number?
False
Is ((-137)/(-2))/(((-231)/(-242))/21) prime?
False
Let q(n) = 42*n**2 + 11*n - 11. Let x be q(8). Suppose x = 2*g + 3*g. Is g a composite number?
True
Let b(u) = u**3 + u**2 + u - 184. Let k(z) be the first derivative of -z**4/2 - 2*z**3/3 - z**2 + 369*z + 4. Let r(l) = 5*b(l) + 3*k(l). Is r(0) composite?
True
Let u be -2 + -4 + 4 + 2. Let h(t) = -t**2 - 2*t + 4. Let w be h(u). Suppose c = -5*z + 528, -18 = 4*z - w*c - 450. Is z a composite number?
True
Let q be 1/6 - 102/(-36). Suppose 5*m = q*d + 464 + 1444, -5*d + 376 = m. Is m prime?
False
Let z = 5416 - 2789. Is z prime?
False
Is ((-396)/(-594))/(1 - 37909/37911) a prime number?
True
Suppose 5*d - 6 - 4 = 0. Suppose 2*i + 20 = 6*i. Suppose 275 = 5*b - 5*g, 0*b - d*g = i*b - 296. Is b a composite number?
True
Suppose 108 = 3*p + 6*p. Let x be ((-582)/p)/((-3)/6). Is (-25 + 26)*x/1 a composite number?
False
Suppose -5*w - 20795 = -19*v + 15*v, 12 = -4*w. Is v prime?
False
Let l = -10162 + 19395. Is l composite?
True
Let y = -689 - -1370. Is y a composite number?
True
Suppose 80 = -4*h - h. Let g = -13 - h. Suppose g*r + 59 = 953. Is r a composite number?
True
Suppose 16*w = 12*w + 148. Is w a prime number?
True
Let v(j) = -j**2 + 6*j - 3. Let o be v(2). Suppose o*a = -a + 2694. Is a composite?
False
Let y(i)